{"id":58,"date":"2022-06-08T20:19:53","date_gmt":"2022-06-08T20:19:53","guid":{"rendered":"http:\/\/cforenseprueba.org\/home\/?page_id=58"},"modified":"2023-07-26T02:37:54","modified_gmt":"2023-07-26T05:37:54","slug":"integracion-del-aporte-por-bonos","status":"publish","type":"page","link":"https:\/\/cforense.org\/home\/integracion-del-aporte-por-bonos\/","title":{"rendered":"Integraci\u00f3n del aporte por bonos"},"content":{"rendered":"\t\t<div data-elementor-type=\"wp-page\" data-elementor-id=\"58\" class=\"elementor elementor-58\" data-elementor-post-type=\"page\">\n\t\t\t\t<div class=\"elementor-element elementor-element-aceda02 e-flex e-con-boxed e-con e-parent\" data-id=\"aceda02\" data-element_type=\"container\" data-e-type=\"container\" data-settings=\"{&quot;jet_parallax_layout_list&quot;:[]}\">\n\t\t\t\t\t<div class=\"e-con-inner\">\n\t\t<div class=\"elementor-element elementor-element-5cda100 e-con-full e-flex e-con e-parent\" data-id=\"5cda100\" data-element_type=\"container\" data-e-type=\"container\" data-settings=\"{&quot;jet_parallax_layout_list&quot;:[]}\">\n\t\t<div class=\"elementor-element elementor-element-25b6ada e-flex e-con-boxed e-con e-parent\" data-id=\"25b6ada\" data-element_type=\"container\" data-e-type=\"container\" data-settings=\"{&quot;jet_parallax_layout_list&quot;:[]}\">\n\t\t\t\t\t<div class=\"e-con-inner\">\n\t\t\t\t<div class=\"elementor-element elementor-element-5ae8204 elementor-widget__width-auto elementor-widget elementor-widget-heading\" data-id=\"5ae8204\" data-element_type=\"widget\" data-e-type=\"widget\" data-widget_type=\"heading.default\">\n\t\t\t\t<div class=\"elementor-widget-container\">\n\t\t\t\t\t<h2 class=\"elementor-heading-title elementor-size-default\">Integraci\u00f3n del aporte por bonos<\/h2>\t\t\t\t<\/div>\n\t\t\t\t<\/div>\n\t\t\t\t\t<\/div>\n\t\t\t\t<\/div>\n\t\t<div class=\"elementor-element elementor-element-915fbad e-flex e-con-boxed e-con e-parent\" data-id=\"915fbad\" data-element_type=\"container\" data-e-type=\"container\" data-settings=\"{&quot;jet_parallax_layout_list&quot;:[]}\">\n\t\t\t\t\t<div class=\"e-con-inner\">\n\t\t\t\t<div class=\"elementor-element elementor-element-31a9d1b elementor-widget elementor-widget-text-editor\" data-id=\"31a9d1b\" data-element_type=\"widget\" data-e-type=\"widget\" data-widget_type=\"text-editor.default\">\n\t\t\t\t<div class=\"elementor-widget-container\">\n\t\t\t\t\t\t\t\t\t\n<p>El \u00a0Directorio \u00a0de la Caja \u00a0Forense resolvi\u00f3 \u00a0implementar un bono de Mediaci\u00f3n Judicial Obligatoria \u00a0con la finalidad de facilitar la integraci\u00f3n del Aporte M\u00ednimo Anual.<\/p>\n<p><br \/>El \u00a0fundamento \u00a0a la creaci\u00f3n \u00a0del bono fue que la \u00a0ley n\u00b0 2699, por la que \u00a0se instituy\u00f3 en el \u00e1mbito de \u00a0la Provincia la Mediaci\u00f3n, no previ\u00f3 \u00a0los aportes y contribuciones previsionales \u00a0derivados de la actuaci\u00f3n profesional de los \u00a0abogados y procuradores en la instancia de Mediaci\u00f3n Judicial Obligatoria.<\/p>\n<p><br \/>Como \u00a0consecuencia \u00a0de ello, todas \u00a0las causas resueltas \u00a0en esta instancia quedaron fuera del marco normativo de la ley 1861, org\u00e1nica de la Caja Forense de La Pampa. Dicha \u00a0situaci\u00f3n\u00a0no \u00a0s\u00f3lo modifica negativamente \u00a0las fuentes de financiaci\u00f3n del r\u00e9gimen \u00a0previsional, sino tambi\u00e9n las cuentas individuales \u00a0de los afiliados, por cuanto carecen de un marco legal en base al \u00a0cual puedan efectuar los aportes previsionales derivados de su actuaci\u00f3n profesional en esta instancia judicial obligatoria.<br \/>Se estableci\u00f3 el valor de cada Bono de Mediaci\u00f3n Judicial Obligatoria como el equivalente a dos (2) UMED, unidad utilizada para el pago de las retribuciones y honorarios de los profesionales intervinientes en el proceso de mediaci\u00f3n.<\/p>\n<p><br \/>De esta manera, el profesional adquiere la posibilidad de graduar la cantidad de \u00a0bonos en funci\u00f3n de las particularidades e importancia del caso que ser\u00e1 \u00a0sometido a la instancia de mediaci\u00f3n.<\/p>\n<p><br \/>Los \u00a0Bonos se conceden \u00a0en cualquiera de las sedes de la Caja Forense \u00a0con la entrega de una chequera que contiene diez (10) Bonos de Mediaci\u00f3n Judicial Obligatoria.<\/p>\n<p><br \/>En sinton\u00eda con la implementaci\u00f3n del Bono de Mediaci\u00f3n, y respondiendo a la inquietud planteada especialmente por los j\u00f3venes afiliados, se decidi\u00f3 continuar con el Bono Consulta \u00a0implementado en el a\u00f1o 2007 con la finalidad de contar con un mecanismo que lesfacilitara la integraci\u00f3n del aporte m\u00ednimo anual, \u00a0especialmente para aquellos que no litigan y para los que prestan servicios de asesoramiento.<\/p>\n<p><br \/>Al \u00a0momento \u00a0de fijarse \u00a0su nuevo valor \u00a0unitario se tuvo \u00a0en consideraci\u00f3n que \u00a0existiera una correlaci\u00f3n \u00a0directa entre el aporte total \u00a0que significaba una chequera de \u00a0Bonos<br \/>Consulta y el monto del aporte m\u00ednimo anual.<\/p>\n<p><br \/>En \u00a0consecuencia, \u00a0a partir del d\u00eda \u00a016 de agosto del a\u00f1o \u00a02016, los afiliados interesados\u00a0tuvieron a \u00a0su disposici\u00f3n \u00a0las chequeras de Bonos Consulta con \u00a0el nuevo valor unitario: 1 UMED.<\/p>\n<p><br \/>El afiliado al que se le hubiera entregado \u00a0una chequera de Bonos, ya seade Mediaci\u00f3n \u00a0Judicial Obligatoria o de Consulta, podr\u00e1 solicitar una nueva \u00fanicamente cuando hubiera ingresado la totalidad \u00a0de los aportes correspondientes a la chequera suministrada.<\/p>\n<p><br \/>Estas alternativas que \u00a0posibilit\u00f3 la Caja Forense, son un \u00a0beneficio muy importante\u00a0para \u00a0el afiliado ya que incorporaron nuevas modalidades \u00a0para integrar los aportes\u00a0previsionales.<\/p>\n\t\t\t\t\t\t\t\t<\/div>\n\t\t\t\t<\/div>\n\t\t\t\t\t<\/div>\n\t\t\t\t<\/div>\n\t\t\t\t<\/div>\n\t\t<div class=\"elementor-element elementor-element-db843af e-con-full e-flex e-con e-parent\" data-id=\"db843af\" data-element_type=\"container\" data-e-type=\"container\" data-settings=\"{&quot;jet_parallax_layout_list&quot;:[]}\">\n\t\t<div class=\"elementor-element elementor-element-371e09b e-flex e-con-boxed e-con e-parent\" data-id=\"371e09b\" data-element_type=\"container\" data-e-type=\"container\" data-settings=\"{&quot;jet_parallax_layout_list&quot;:[]}\">\n\t\t\t\t\t<div class=\"e-con-inner\">\n\t\t<div class=\"elementor-element elementor-element-6365111 e-flex e-con-boxed e-con e-parent\" data-id=\"6365111\" data-element_type=\"container\" data-e-type=\"container\" data-settings=\"{&quot;jet_parallax_layout_list&quot;:[]}\">\n\t\t\t\t\t<div class=\"e-con-inner\">\n\t\t\t\t<div class=\"elementor-element elementor-element-fa2c735 elementor-widget__width-auto elementor-widget elementor-widget-heading\" data-id=\"fa2c735\" data-element_type=\"widget\" data-e-type=\"widget\" data-widget_type=\"heading.default\">\n\t\t\t\t<div class=\"elementor-widget-container\">\n\t\t\t\t\t<h2 class=\"elementor-heading-title elementor-size-default\">Novedades<\/h2>\t\t\t\t<\/div>\n\t\t\t\t<\/div>\n\t\t\t\t\t<\/div>\n\t\t\t\t<\/div>\n\t\t\t\t<div class=\"elementor-element elementor-element-4862450 elementor-grid-1 elementor-grid-tablet-1 elementor-grid-mobile-1 elementor-posts--thumbnail-top elementor-widget elementor-widget-posts\" data-id=\"4862450\" data-element_type=\"widget\" data-e-type=\"widget\" data-settings=\"{&quot;classic_columns&quot;:&quot;1&quot;,&quot;classic_columns_tablet&quot;:&quot;1&quot;,&quot;classic_columns_mobile&quot;:&quot;1&quot;,&quot;classic_row_gap&quot;:{&quot;unit&quot;:&quot;px&quot;,&quot;size&quot;:35,&quot;sizes&quot;:[]},&quot;classic_row_gap_laptop&quot;:{&quot;unit&quot;:&quot;px&quot;,&quot;size&quot;:&quot;&quot;,&quot;sizes&quot;:[]},&quot;classic_row_gap_tablet&quot;:{&quot;unit&quot;:&quot;px&quot;,&quot;size&quot;:&quot;&quot;,&quot;sizes&quot;:[]},&quot;classic_row_gap_mobile&quot;:{&quot;unit&quot;:&quot;px&quot;,&quot;size&quot;:&quot;&quot;,&quot;sizes&quot;:[]}}\" data-widget_type=\"posts.classic\">\n\t\t\t\t<div class=\"elementor-widget-container\">\n\t\t\t\t\t\t\t<div class=\"elementor-posts-container elementor-posts elementor-posts--skin-classic elementor-grid\" role=\"list\">\n\t\t\t\t<article class=\"elementor-post elementor-grid-item post-4287 post type-post status-publish format-standard has-post-thumbnail hentry category-institucional\" role=\"listitem\">\n\t\t\t\t<a class=\"elementor-post__thumbnail__link\" href=\"https:\/\/cforense.org\/home\/la-caja-forense-de-la-pampa-ahora-en-tu-celular\/\" tabindex=\"-1\" >\n\t\t\t<div class=\"elementor-post__thumbnail\"><img fetchpriority=\"high\" decoding=\"async\" width=\"1072\" height=\"556\" src=\"https:\/\/cforense.org\/home\/wp-content\/uploads\/2026\/03\/CF_LP_20260326_APP-WEB.png\" class=\"attachment-full size-full wp-image-4288\" alt=\"\" srcset=\"https:\/\/cforense.org\/home\/wp-content\/uploads\/2026\/03\/CF_LP_20260326_APP-WEB.png 1072w, https:\/\/cforense.org\/home\/wp-content\/uploads\/2026\/03\/CF_LP_20260326_APP-WEB-300x156.png 300w, https:\/\/cforense.org\/home\/wp-content\/uploads\/2026\/03\/CF_LP_20260326_APP-WEB-1024x531.png 1024w, https:\/\/cforense.org\/home\/wp-content\/uploads\/2026\/03\/CF_LP_20260326_APP-WEB-768x398.png 768w\" sizes=\"(max-width: 1072px) 100vw, 1072px\" \/><\/div>\n\t\t<\/a>\n\t\t\t\t<div class=\"elementor-post__text\">\n\t\t\t\t<h3 class=\"elementor-post__title\">\n\t\t\t<a href=\"https:\/\/cforense.org\/home\/la-caja-forense-de-la-pampa-ahora-en-tu-celular\/\" >\n\t\t\t\tLa Caja Forense de La Pampa ahora en tu celular\t\t\t<\/a>\n\t\t<\/h3>\n\t\t\t\t<div class=\"elementor-post__meta-data\">\n\t\t\t\t\t<span class=\"elementor-post-date\">\n\t\t\t30\/03\/2026\t\t<\/span>\n\t\t\t\t<\/div>\n\t\t\t\t<div class=\"elementor-post__excerpt\">\n\t\t\t<p>En nuestro compromiso constante por modernizarnos y estar m\u00e1s cerca de nuestros afiliados, nos enorgullece anunciar el lanzamiento de la App Oficial de la Caja<\/p>\n\t\t<\/div>\n\t\t\n\t\t<a class=\"elementor-post__read-more\" href=\"https:\/\/cforense.org\/home\/la-caja-forense-de-la-pampa-ahora-en-tu-celular\/\" aria-label=\"Read more about La Caja Forense de La Pampa ahora en tu celular\" tabindex=\"-1\" >\n\t\t\tLeer m\u00e1s \u00bb\t\t<\/a>\n\n\t\t\t\t<\/div>\n\t\t\t\t<\/article>\n\t\t\t\t<article class=\"elementor-post elementor-grid-item post-4283 post type-post status-publish format-standard has-post-thumbnail hentry category-novedades\" role=\"listitem\">\n\t\t\t\t<a class=\"elementor-post__thumbnail__link\" href=\"https:\/\/cforense.org\/home\/nueva-oferta-academica-gestion-de-cajas-de-prevision-y-seguridad-social\/\" tabindex=\"-1\" >\n\t\t\t<div class=\"elementor-post__thumbnail\"><img decoding=\"async\" width=\"1080\" height=\"700\" data-src=\"https:\/\/cforense.org\/home\/wp-content\/uploads\/2026\/03\/CORD_20260326_DIPLOMATURA-WEB-1.png\" class=\"attachment-full size-full wp-image-4284 lazyload\" alt=\"\" data-srcset=\"https:\/\/cforense.org\/home\/wp-content\/uploads\/2026\/03\/CORD_20260326_DIPLOMATURA-WEB-1.png 1080w, https:\/\/cforense.org\/home\/wp-content\/uploads\/2026\/03\/CORD_20260326_DIPLOMATURA-WEB-1-300x194.png 300w, https:\/\/cforense.org\/home\/wp-content\/uploads\/2026\/03\/CORD_20260326_DIPLOMATURA-WEB-1-1024x664.png 1024w, https:\/\/cforense.org\/home\/wp-content\/uploads\/2026\/03\/CORD_20260326_DIPLOMATURA-WEB-1-768x498.png 768w\" data-sizes=\"(max-width: 1080px) 100vw, 1080px\" src=\"data:image\/svg+xml;base64,PHN2ZyB3aWR0aD0iMSIgaGVpZ2h0PSIxIiB4bWxucz0iaHR0cDovL3d3dy53My5vcmcvMjAwMC9zdmciPjwvc3ZnPg==\" style=\"--smush-placeholder-width: 1080px; --smush-placeholder-aspect-ratio: 1080\/700;\" \/><\/div>\n\t\t<\/a>\n\t\t\t\t<div class=\"elementor-post__text\">\n\t\t\t\t<h3 class=\"elementor-post__title\">\n\t\t\t<a href=\"https:\/\/cforense.org\/home\/nueva-oferta-academica-gestion-de-cajas-de-prevision-y-seguridad-social\/\" >\n\t\t\t\tNueva Oferta Acad\u00e9mica: Gesti\u00f3n de Cajas de Previsi\u00f3n y Seguridad Social\t\t\t<\/a>\n\t\t<\/h3>\n\t\t\t\t<div class=\"elementor-post__meta-data\">\n\t\t\t\t\t<span class=\"elementor-post-date\">\n\t\t\t30\/03\/2026\t\t<\/span>\n\t\t\t\t<\/div>\n\t\t\t\t<div class=\"elementor-post__excerpt\">\n\t\t\t<p>Desde la Caja Forense de La Pampa les compartimos a nuestros afiliados que, como parte de la oferta acad\u00e9mica brindada por la Facultad de Ciencias<\/p>\n\t\t<\/div>\n\t\t\n\t\t<a class=\"elementor-post__read-more\" href=\"https:\/\/cforense.org\/home\/nueva-oferta-academica-gestion-de-cajas-de-prevision-y-seguridad-social\/\" aria-label=\"Read more about Nueva Oferta Acad\u00e9mica: Gesti\u00f3n de Cajas de Previsi\u00f3n y Seguridad Social\" tabindex=\"-1\" >\n\t\t\tLeer m\u00e1s \u00bb\t\t<\/a>\n\n\t\t\t\t<\/div>\n\t\t\t\t<\/article>\n\t\t\t\t<\/div>\n\t\t\n\t\t\t\t\t\t<\/div>\n\t\t\t\t<\/div>\n\t\t\t\t\t<\/div>\n\t\t\t\t<\/div>\n\t\t\t\t<\/div>\n\t\t\t\t\t<\/div>\n\t\t\t\t<\/div>\n\t\t\t\t<\/div>\n\t\t","protected":false},"excerpt":{"rendered":"<p>El \u00a0Directorio \u00a0de la Caja \u00a0Forense resolvi\u00f3 \u00a0implementar un bono de Mediaci\u00f3n Judicial Obligatoria \u00a0con la finalidad de facilitar la integraci\u00f3n del Aporte M\u00ednimo Anual. El \u00a0fundamento \u00a0a la creaci\u00f3n \u00a0del bono fue que la \u00a0ley n\u00b0 2699, por la que \u00a0se instituy\u00f3 en el \u00e1mbito de \u00a0la Provincia la Mediaci\u00f3n, no previ\u00f3 \u00a0los aportes [&hellip;]<\/p>\n","protected":false},"author":2,"featured_media":0,"parent":0,"menu_order":0,"comment_status":"closed","ping_status":"closed","template":"","meta":{"_joinchat":[],"footnotes":""},"class_list":["post-58","page","type-page","status-publish","hentry"],"_links":{"self":[{"href":"https:\/\/cforense.org\/home\/wp-json\/wp\/v2\/pages\/58","targetHints":{"allow":["GET"]}}],"collection":[{"href":"https:\/\/cforense.org\/home\/wp-json\/wp\/v2\/pages"}],"about":[{"href":"https:\/\/cforense.org\/home\/wp-json\/wp\/v2\/types\/page"}],"author":[{"embeddable":true,"href":"https:\/\/cforense.org\/home\/wp-json\/wp\/v2\/users\/2"}],"replies":[{"embeddable":true,"href":"https:\/\/cforense.org\/home\/wp-json\/wp\/v2\/comments?post=58"}],"version-history":[{"count":0,"href":"https:\/\/cforense.org\/home\/wp-json\/wp\/v2\/pages\/58\/revisions"}],"wp:attachment":[{"href":"https:\/\/cforense.org\/home\/wp-json\/wp\/v2\/media?parent=58"}],"curies":[{"name":"wp","href":"https:\/\/api.w.org\/{rel}","templated":true}]}}