{"id":46,"date":"2022-06-08T20:11:10","date_gmt":"2022-06-08T20:11:10","guid":{"rendered":"http:\/\/cforenseprueba.org\/home\/?page_id=46"},"modified":"2023-07-26T02:26:03","modified_gmt":"2023-07-26T05:26:03","slug":"coordinadora-de-caja","status":"publish","type":"page","link":"https:\/\/cforense.org\/home\/coordinadora-de-caja\/","title":{"rendered":"Coordinadora de Cajas de Previsi\u00f3n y Seguridad Social para profesionales"},"content":{"rendered":"\t\t<div data-elementor-type=\"wp-page\" data-elementor-id=\"46\" class=\"elementor elementor-46\" data-elementor-post-type=\"page\">\n\t\t\t\t<div class=\"elementor-element elementor-element-fbce0bf e-flex e-con-boxed e-con e-parent\" data-id=\"fbce0bf\" data-element_type=\"container\" data-e-type=\"container\" data-settings=\"{&quot;jet_parallax_layout_list&quot;:[]}\">\n\t\t\t\t\t<div class=\"e-con-inner\">\n\t\t<div class=\"elementor-element elementor-element-54c6cdf e-con-full e-flex e-con e-parent\" data-id=\"54c6cdf\" data-element_type=\"container\" data-e-type=\"container\" data-settings=\"{&quot;jet_parallax_layout_list&quot;:[]}\">\n\t\t<div class=\"elementor-element elementor-element-89061e4 e-flex e-con-boxed e-con e-parent\" data-id=\"89061e4\" data-element_type=\"container\" data-e-type=\"container\" data-settings=\"{&quot;jet_parallax_layout_list&quot;:[]}\">\n\t\t\t\t\t<div class=\"e-con-inner\">\n\t\t\t\t<div class=\"elementor-element elementor-element-85045cb elementor-widget__width-auto elementor-widget elementor-widget-heading\" data-id=\"85045cb\" data-element_type=\"widget\" data-e-type=\"widget\" data-widget_type=\"heading.default\">\n\t\t\t\t<div class=\"elementor-widget-container\">\n\t\t\t\t\t<h2 class=\"elementor-heading-title elementor-size-default\">Coordinadora de Cajas de Previsi\u00f3n y Seguridad Social para profesionales<\/h2>\t\t\t\t<\/div>\n\t\t\t\t<\/div>\n\t\t\t\t\t<\/div>\n\t\t\t\t<\/div>\n\t\t<div class=\"elementor-element elementor-element-1f88962 e-flex e-con-boxed e-con e-parent\" data-id=\"1f88962\" data-element_type=\"container\" data-e-type=\"container\" data-settings=\"{&quot;jet_parallax_layout_list&quot;:[]}\">\n\t\t\t\t\t<div class=\"e-con-inner\">\n\t\t\t\t<div class=\"elementor-element elementor-element-6c2a13e elementor-widget elementor-widget-image\" data-id=\"6c2a13e\" data-element_type=\"widget\" data-e-type=\"widget\" data-widget_type=\"image.default\">\n\t\t\t\t<div class=\"elementor-widget-container\">\n\t\t\t\t\t\t\t\t\t\t\t\t\t\t\t<img fetchpriority=\"high\" decoding=\"async\" width=\"800\" height=\"534\" src=\"https:\/\/cforense.org\/home\/wp-content\/uploads\/2023\/07\/CAJA.jpeg\" class=\"attachment-large size-large wp-image-2611\" alt=\"\" srcset=\"https:\/\/cforense.org\/home\/wp-content\/uploads\/2023\/07\/CAJA.jpeg 1024w, https:\/\/cforense.org\/home\/wp-content\/uploads\/2023\/07\/CAJA-300x200.jpeg 300w, https:\/\/cforense.org\/home\/wp-content\/uploads\/2023\/07\/CAJA-768x512.jpeg 768w\" sizes=\"(max-width: 800px) 100vw, 800px\" \/>\t\t\t\t\t\t\t\t\t\t\t\t\t\t\t<\/div>\n\t\t\t\t<\/div>\n\t\t\t\t\t<\/div>\n\t\t\t\t<\/div>\n\t\t<div class=\"elementor-element elementor-element-2cb838b e-flex e-con-boxed e-con e-parent\" data-id=\"2cb838b\" data-element_type=\"container\" data-e-type=\"container\" data-settings=\"{&quot;jet_parallax_layout_list&quot;:[]}\">\n\t\t\t\t\t<div class=\"e-con-inner\">\n\t\t\t\t<div class=\"elementor-element elementor-element-2b8898d elementor-widget elementor-widget-text-editor\" data-id=\"2b8898d\" data-element_type=\"widget\" data-e-type=\"widget\" data-widget_type=\"text-editor.default\">\n\t\t\t\t<div class=\"elementor-widget-container\">\n\t\t\t\t\t\t\t\t\t<p><\/p>\n<p><strong>Inicios<\/strong><\/p>\n<p>El 14 de marzo de 1980 fue sancionada la ley 22193, mediante la cual se introdujeron reformas al r\u00e9gimen b\u00e1sico para trabajadores aut\u00f3nomos regido por las leyes 18038 y 18826. Como esta reforma dio lugar a m\u00faltiples especulaciones sobre el destino, funcionamiento, administraci\u00f3n y alcance de las treinta Cajas para Profesionales entonces existentes, se abri\u00f3 una corriente espont\u00e1nea de acercamiento entre estas entidades tendiente a la b\u00fasqueda de soluciones comunes que resguardaran su autonom\u00eda e idiosincrasia. A tal efecto, se decidi\u00f3 la convocatoria a las III Jornadas de Cajas de previsi\u00f3n de Profesionales Universitarios de la Rep\u00fablica Argentina.<\/p>\n<p>Este hist\u00f3rico encuentro se concret\u00f3 en la ciudad de Santa Fe en el mes de marzo de 1980 y convoc\u00f3 masivamente a la dirigencia de las Cajas. De all\u00ed surgi\u00f3 la necesidad de constituir una Comisi\u00f3n representativa de todas esas Cajas para conducir la actividad que impon\u00eda la ley nacional, la que requer\u00eda la participaci\u00f3n de las Cajas, conjuntamente con el Estado Nacional, en la elaboraci\u00f3n de un convenio de reciprocidad jubilatoria.<\/p>\n<p>Al mismo tiempo, se fueron requiriendo y obteniendo de las autoridades competentes de cada provincia el dictado de las normas jur\u00eddicas que en definitiva convalidaron el convenio as\u00ed incorporado al derecho p\u00fablico provincial. Entonces, ese mismo a\u00f1o y conforme a la ley 22193, las Cajas celebraron un convenio que fue aprobado en una reuni\u00f3n extraordinaria en la ciudad de San Miguel de Tucum\u00e1n.<\/p>\n<p>Un a\u00f1o despu\u00e9s, en 1981 se detect\u00f3 la necesidad de mantener los v\u00ednculos entre las principales entidades para asumir nuevas responsabilidades, ampliar objetivos, coordinar esfuerzos e impulsar el advenimiento de nuevos sistemas en las provincias y para las profesiones que carec\u00edan de ello; as\u00ed, en Salta, el 22 de agosto, se fund\u00f3 la Coordinadora de Cajas de Previsi\u00f3n y Seguridad Social para Profesionales de la Rep\u00fablica Argentina.<\/p>\n<p>Transcurridos 28 a\u00f1os, la labor de la Coordinadora creci\u00f3 incesantemente y se llevaron a cabo emprendimientos de la m\u00e1s variada \u00edndole, los cuales consolidan la raz\u00f3n de su creaci\u00f3n y le otorgan una aut\u00e9ntica representatividad. En la actualidad, la Coordinadora re\u00fane a m\u00e1s de 70 Cajas.<\/p>\n<p><strong>Autoridades<\/strong><\/p>\n<p>Seg\u00fan el Estatuto, el Plenario de la Coordinadora -su \u00f3rgano de conducci\u00f3n- designa anualmente a una Caja para que desempe\u00f1e la Secretar\u00eda General, \u00f3rgano ejecutivo de las decisiones del Plenario y realizador de los planes y programas adoptados en funci\u00f3n de sus objetivos. Asimismo, designa a los nueve miembros del Comit\u00e9 Ejecutivo, creado para colaborar con la Secretaria General y actuar junto a \u00e9sta en cuestiones extraordinarias.<\/p>\n<p>La Caja Forense en la Coordinadora de Cajas a partir de la designaci\u00f3n del Dr. Juan V\u00edctor Bensusan como Secretario General, la Caja Forense de La Pampa desempe\u00f1\u00f3 la Secretar\u00eda General de la Coordinadora durante el per\u00edodo de 1993-1995.<\/p>\n<p>Sin dudas, el haber sido una de las Cajas fundadoras y la permanente colaboraci\u00f3n y actividad, fueron aspectos que avalaron este importante nombramiento. Estos a\u00f1os de intensa gesti\u00f3n estuvieron signados por la reorganizaci\u00f3n institucional, procurando m\u00e1s eficiencia y participaci\u00f3n de las Cajas Miembros, y una importante y exitosa actividad desarrollada en pos de la defensa de la existencia misma de las Cajas de Previsi\u00f3n y Seguridad Social para Profesionales de todo el pa\u00eds. En este marco, algunos de los logros obtenidos fueron: La actualizaci\u00f3n del Estatuto de la Coordinadora. La no obligatoriedad del Sistema Integrado de Jubilaciones y Pensiones para los profesionales afiliados a sus propias Cajas de Previsi\u00f3n. El bloqueo a la iniciativa del Poder Ejecutivo Nacional de gravar con el 21% los ingresos de los profesionales del interior del pa\u00eds que no se sometieran voluntariamente a la doble aportaci\u00f3n, adhiriendo tambi\u00e9n al r\u00e9gimen nacional.<\/p>\n<p>La incorporaci\u00f3n al texto del Constituci\u00f3n Nacional de la segunda parte del art\u00edculo 125, donde se reconoce expresamente la soberan\u00eda provincial en materia de seguridad social para profesionales.\u00a0<\/p>\n<p><\/p>\t\t\t\t\t\t\t\t<\/div>\n\t\t\t\t<\/div>\n\t\t\t\t\t<\/div>\n\t\t\t\t<\/div>\n\t\t\t\t<\/div>\n\t\t<div class=\"elementor-element elementor-element-9ddb593 e-con-full e-flex e-con e-parent\" data-id=\"9ddb593\" data-element_type=\"container\" data-e-type=\"container\" data-settings=\"{&quot;jet_parallax_layout_list&quot;:[]}\">\n\t\t<div class=\"elementor-element elementor-element-7c8d639 e-flex e-con-boxed e-con e-parent\" data-id=\"7c8d639\" data-element_type=\"container\" data-e-type=\"container\" data-settings=\"{&quot;jet_parallax_layout_list&quot;:[]}\">\n\t\t\t\t\t<div class=\"e-con-inner\">\n\t\t<div class=\"elementor-element elementor-element-847160c e-flex e-con-boxed e-con e-parent\" data-id=\"847160c\" data-element_type=\"container\" data-e-type=\"container\" data-settings=\"{&quot;jet_parallax_layout_list&quot;:[]}\">\n\t\t\t\t\t<div class=\"e-con-inner\">\n\t\t\t\t<div class=\"elementor-element elementor-element-692890e elementor-widget__width-auto elementor-widget elementor-widget-heading\" data-id=\"692890e\" data-element_type=\"widget\" data-e-type=\"widget\" data-widget_type=\"heading.default\">\n\t\t\t\t<div class=\"elementor-widget-container\">\n\t\t\t\t\t<h2 class=\"elementor-heading-title elementor-size-default\">Novedades<\/h2>\t\t\t\t<\/div>\n\t\t\t\t<\/div>\n\t\t\t\t\t<\/div>\n\t\t\t\t<\/div>\n\t\t\t\t<div class=\"elementor-element elementor-element-23b08c2 elementor-grid-1 elementor-grid-tablet-1 elementor-grid-mobile-1 elementor-posts--thumbnail-top elementor-widget elementor-widget-posts\" data-id=\"23b08c2\" data-element_type=\"widget\" data-e-type=\"widget\" data-settings=\"{&quot;classic_columns&quot;:&quot;1&quot;,&quot;classic_columns_tablet&quot;:&quot;1&quot;,&quot;classic_columns_mobile&quot;:&quot;1&quot;,&quot;classic_row_gap&quot;:{&quot;unit&quot;:&quot;px&quot;,&quot;size&quot;:35,&quot;sizes&quot;:[]},&quot;classic_row_gap_laptop&quot;:{&quot;unit&quot;:&quot;px&quot;,&quot;size&quot;:&quot;&quot;,&quot;sizes&quot;:[]},&quot;classic_row_gap_tablet&quot;:{&quot;unit&quot;:&quot;px&quot;,&quot;size&quot;:&quot;&quot;,&quot;sizes&quot;:[]},&quot;classic_row_gap_mobile&quot;:{&quot;unit&quot;:&quot;px&quot;,&quot;size&quot;:&quot;&quot;,&quot;sizes&quot;:[]}}\" data-widget_type=\"posts.classic\">\n\t\t\t\t<div class=\"elementor-widget-container\">\n\t\t\t\t\t\t\t<div class=\"elementor-posts-container elementor-posts elementor-posts--skin-classic elementor-grid\" role=\"list\">\n\t\t\t\t<article class=\"elementor-post elementor-grid-item post-4287 post type-post status-publish format-standard has-post-thumbnail hentry category-institucional\" role=\"listitem\">\n\t\t\t\t<a class=\"elementor-post__thumbnail__link\" href=\"https:\/\/cforense.org\/home\/la-caja-forense-de-la-pampa-ahora-en-tu-celular\/\" tabindex=\"-1\" >\n\t\t\t<div class=\"elementor-post__thumbnail\"><img decoding=\"async\" width=\"1072\" height=\"556\" data-src=\"https:\/\/cforense.org\/home\/wp-content\/uploads\/2026\/03\/CF_LP_20260326_APP-WEB.png\" class=\"attachment-full size-full wp-image-4288 lazyload\" alt=\"\" data-srcset=\"https:\/\/cforense.org\/home\/wp-content\/uploads\/2026\/03\/CF_LP_20260326_APP-WEB.png 1072w, https:\/\/cforense.org\/home\/wp-content\/uploads\/2026\/03\/CF_LP_20260326_APP-WEB-300x156.png 300w, https:\/\/cforense.org\/home\/wp-content\/uploads\/2026\/03\/CF_LP_20260326_APP-WEB-1024x531.png 1024w, https:\/\/cforense.org\/home\/wp-content\/uploads\/2026\/03\/CF_LP_20260326_APP-WEB-768x398.png 768w\" data-sizes=\"(max-width: 1072px) 100vw, 1072px\" src=\"data:image\/svg+xml;base64,PHN2ZyB3aWR0aD0iMSIgaGVpZ2h0PSIxIiB4bWxucz0iaHR0cDovL3d3dy53My5vcmcvMjAwMC9zdmciPjwvc3ZnPg==\" style=\"--smush-placeholder-width: 1072px; --smush-placeholder-aspect-ratio: 1072\/556;\" \/><\/div>\n\t\t<\/a>\n\t\t\t\t<div class=\"elementor-post__text\">\n\t\t\t\t<h3 class=\"elementor-post__title\">\n\t\t\t<a href=\"https:\/\/cforense.org\/home\/la-caja-forense-de-la-pampa-ahora-en-tu-celular\/\" >\n\t\t\t\tLa Caja Forense de La Pampa ahora en tu celular\t\t\t<\/a>\n\t\t<\/h3>\n\t\t\t\t<div class=\"elementor-post__meta-data\">\n\t\t\t\t\t<span class=\"elementor-post-date\">\n\t\t\t30\/03\/2026\t\t<\/span>\n\t\t\t\t<\/div>\n\t\t\t\t<div class=\"elementor-post__excerpt\">\n\t\t\t<p>En nuestro compromiso constante por modernizarnos y estar m\u00e1s cerca de nuestros afiliados, nos enorgullece anunciar el lanzamiento de la App Oficial de la Caja<\/p>\n\t\t<\/div>\n\t\t\n\t\t<a class=\"elementor-post__read-more\" href=\"https:\/\/cforense.org\/home\/la-caja-forense-de-la-pampa-ahora-en-tu-celular\/\" aria-label=\"Read more about La Caja Forense de La Pampa ahora en tu celular\" tabindex=\"-1\" >\n\t\t\tLeer m\u00e1s \u00bb\t\t<\/a>\n\n\t\t\t\t<\/div>\n\t\t\t\t<\/article>\n\t\t\t\t<article class=\"elementor-post elementor-grid-item post-4283 post type-post status-publish format-standard has-post-thumbnail hentry category-novedades\" role=\"listitem\">\n\t\t\t\t<a class=\"elementor-post__thumbnail__link\" href=\"https:\/\/cforense.org\/home\/nueva-oferta-academica-gestion-de-cajas-de-prevision-y-seguridad-social\/\" tabindex=\"-1\" >\n\t\t\t<div class=\"elementor-post__thumbnail\"><img decoding=\"async\" width=\"1080\" height=\"700\" data-src=\"https:\/\/cforense.org\/home\/wp-content\/uploads\/2026\/03\/CORD_20260326_DIPLOMATURA-WEB-1.png\" class=\"attachment-full size-full wp-image-4284 lazyload\" alt=\"\" data-srcset=\"https:\/\/cforense.org\/home\/wp-content\/uploads\/2026\/03\/CORD_20260326_DIPLOMATURA-WEB-1.png 1080w, https:\/\/cforense.org\/home\/wp-content\/uploads\/2026\/03\/CORD_20260326_DIPLOMATURA-WEB-1-300x194.png 300w, https:\/\/cforense.org\/home\/wp-content\/uploads\/2026\/03\/CORD_20260326_DIPLOMATURA-WEB-1-1024x664.png 1024w, https:\/\/cforense.org\/home\/wp-content\/uploads\/2026\/03\/CORD_20260326_DIPLOMATURA-WEB-1-768x498.png 768w\" data-sizes=\"(max-width: 1080px) 100vw, 1080px\" src=\"data:image\/svg+xml;base64,PHN2ZyB3aWR0aD0iMSIgaGVpZ2h0PSIxIiB4bWxucz0iaHR0cDovL3d3dy53My5vcmcvMjAwMC9zdmciPjwvc3ZnPg==\" style=\"--smush-placeholder-width: 1080px; --smush-placeholder-aspect-ratio: 1080\/700;\" \/><\/div>\n\t\t<\/a>\n\t\t\t\t<div class=\"elementor-post__text\">\n\t\t\t\t<h3 class=\"elementor-post__title\">\n\t\t\t<a href=\"https:\/\/cforense.org\/home\/nueva-oferta-academica-gestion-de-cajas-de-prevision-y-seguridad-social\/\" >\n\t\t\t\tNueva Oferta Acad\u00e9mica: Gesti\u00f3n de Cajas de Previsi\u00f3n y Seguridad Social\t\t\t<\/a>\n\t\t<\/h3>\n\t\t\t\t<div class=\"elementor-post__meta-data\">\n\t\t\t\t\t<span class=\"elementor-post-date\">\n\t\t\t30\/03\/2026\t\t<\/span>\n\t\t\t\t<\/div>\n\t\t\t\t<div class=\"elementor-post__excerpt\">\n\t\t\t<p>Desde la Caja Forense de La Pampa les compartimos a nuestros afiliados que, como parte de la oferta acad\u00e9mica brindada por la Facultad de Ciencias<\/p>\n\t\t<\/div>\n\t\t\n\t\t<a class=\"elementor-post__read-more\" href=\"https:\/\/cforense.org\/home\/nueva-oferta-academica-gestion-de-cajas-de-prevision-y-seguridad-social\/\" aria-label=\"Read more about Nueva Oferta Acad\u00e9mica: Gesti\u00f3n de Cajas de Previsi\u00f3n y Seguridad Social\" tabindex=\"-1\" >\n\t\t\tLeer m\u00e1s \u00bb\t\t<\/a>\n\n\t\t\t\t<\/div>\n\t\t\t\t<\/article>\n\t\t\t\t<\/div>\n\t\t\n\t\t\t\t\t\t<\/div>\n\t\t\t\t<\/div>\n\t\t\t\t\t<\/div>\n\t\t\t\t<\/div>\n\t\t\t\t<\/div>\n\t\t\t\t\t<\/div>\n\t\t\t\t<\/div>\n\t\t\t\t<\/div>\n\t\t","protected":false},"excerpt":{"rendered":"<p>Inicios El 14 de marzo de 1980 fue sancionada la ley 22193, mediante la cual se introdujeron reformas al r\u00e9gimen b\u00e1sico para trabajadores aut\u00f3nomos regido por las leyes 18038 y 18826. Como esta reforma dio lugar a m\u00faltiples especulaciones sobre el destino, funcionamiento, administraci\u00f3n y alcance de las treinta Cajas para Profesionales entonces existentes, se [&hellip;]<\/p>\n","protected":false},"author":2,"featured_media":0,"parent":0,"menu_order":0,"comment_status":"closed","ping_status":"closed","template":"","meta":{"_joinchat":[],"footnotes":""},"class_list":["post-46","page","type-page","status-publish","hentry"],"_links":{"self":[{"href":"https:\/\/cforense.org\/home\/wp-json\/wp\/v2\/pages\/46","targetHints":{"allow":["GET"]}}],"collection":[{"href":"https:\/\/cforense.org\/home\/wp-json\/wp\/v2\/pages"}],"about":[{"href":"https:\/\/cforense.org\/home\/wp-json\/wp\/v2\/types\/page"}],"author":[{"embeddable":true,"href":"https:\/\/cforense.org\/home\/wp-json\/wp\/v2\/users\/2"}],"replies":[{"embeddable":true,"href":"https:\/\/cforense.org\/home\/wp-json\/wp\/v2\/comments?post=46"}],"version-history":[{"count":0,"href":"https:\/\/cforense.org\/home\/wp-json\/wp\/v2\/pages\/46\/revisions"}],"wp:attachment":[{"href":"https:\/\/cforense.org\/home\/wp-json\/wp\/v2\/media?parent=46"}],"curies":[{"name":"wp","href":"https:\/\/api.w.org\/{rel}","templated":true}]}}